{"id":747,"date":"2021-06-07T12:17:22","date_gmt":"2021-06-07T15:17:22","guid":{"rendered":"http:\/\/www.hloos.com.ar\/?page_id=747"},"modified":"2021-06-07T20:02:39","modified_gmt":"2021-06-07T23:02:39","slug":"autoelevadores","status":"publish","type":"page","link":"https:\/\/www.hloos.com.ar\/index.php\/autoelevadores-convencionales\/autoelevadores\/","title":{"rendered":"Autoelevadores"},"content":{"rendered":"[vc_row][vc_column][vc_column_text]\n<h4><span style=\"color: #000000;\">Dise\u00f1amos y fabricamos productos que facilitaran la ejecuci\u00f3n de sus trabajos.\u00a0 N<\/span><span style=\"color: #000000;\">os enfocamos en solucionar sus necesidades j<\/span><span style=\"color: #000000;\">unto con el mejor asesoramiento personal.<\/span><\/h4>\n<h4><span style=\"color: #000000;\">\u00a0<\/span><\/h4>\n[\/vc_column_text][\/vc_column][\/vc_row][vc_row][vc_column width=&#8221;1\/2&#8243;][vc_single_image image=&#8221;634&#8243; img_size=&#8221;500&#215;500&#8243;][\/vc_column][vc_column width=&#8221;1\/2&#8243;][vc_column_text]\n<ul>\n<li>\n<h4><a href=\"http:\/\/www.hloos.com.ar\/index.php\/autoelevadores-2\/\"><span style=\"color: #000000;\">AUTOELEVADORES<\/span><\/a><\/h4>\n<\/li>\n<li>\n<h4><a href=\"http:\/\/www.hloos.com.ar\/wp-content\/uploads\/2017\/06\/ALL-TERRAIN-4x4-Presentacion.pdf\"><span style=\"color: #000000;\">AUTOELEVADORES TODO TERRENO<\/span><\/a><\/h4>\n<\/li>\n<li>\n<h4><a href=\"http:\/\/www.hloos.com.ar\/wp-content\/uploads\/2017\/06\/tracto.pdf\"><span style=\"color: #000000;\">TRACTOELEVADORES<\/span><\/a><\/h4>\n<\/li>\n<li>\n<h4><a href=\"http:\/\/www.hloos.com.ar\/index.php\/apiladores-electricos\/\"><span style=\"color: #000000;\">APILADORES EL\u00c9CTRICOS<\/span><\/a><\/h4>\n<\/li>\n<li>\n<h4><a href=\"http:\/\/www.hloos.com.ar\/index.php\/carretillas-electricas\/\"><span style=\"color: #000000;\">CARRETILLAS EL\u00c9CTRICAS<\/span><\/a><\/h4>\n<\/li>\n<li>\n<h4><a href=\"http:\/\/www.hloos.com.ar\/index.php\/autoelevadores-2\/fabricacion-heinz-loos\/carretillas-hidraulicas\/\"><span style=\"color: #000000;\">CARRETILLAS HIDR\u00c1ULICAS<\/span><\/a><\/h4>\n<\/li>\n<\/ul>\n[\/vc_column_text]<div class=\"modal-container text-left\"><a class=\"btn btn-primary btn-modal  style-1\" href=\"#\" modal-link=\"7798\"><i class=\"\"><\/i> Env\u00edenos su consulta<\/a><\/div>[\/vc_column][\/vc_row]\n","protected":false},"excerpt":{"rendered":"<p>[vc_row][vc_column][vc_column_text] Dise\u00f1amos y fabricamos productos que facilitaran la ejecuci\u00f3n de sus trabajos.\u00a0 Nos enfocamos en solucionar sus necesidades junto con el mejor asesoramiento personal. \u00a0 [\/vc_column_text][\/vc_column][\/vc_row][vc_row][vc_column width=&#8221;1\/2&#8243;][vc_single_image image=&#8221;634&#8243; img_size=&#8221;500&#215;500&#8243;][\/vc_column][vc_column width=&#8221;1\/2&#8243;][vc_column_text] AUTOELEVADORES AUTOELEVADORES TODO TERRENO TRACTOELEVADORES APILADORES EL\u00c9CTRICOS CARRETILLAS EL\u00c9CTRICAS CARRETILLAS HIDR\u00c1ULICAS [\/vc_column_text][\/vc_column][\/vc_row]<\/p>\n<div class=\"read-more-link-wrapper\"><a class=\"read-more-link\" href=\"https:\/\/www.hloos.com.ar\/index.php\/autoelevadores-convencionales\/autoelevadores\/\">Read more<i class=\"icon-next\"><\/i><\/a><\/div>\n","protected":false},"author":1,"featured_media":0,"parent":437,"menu_order":0,"comment_status":"closed","ping_status":"closed","template":"","meta":[],"_links":{"self":[{"href":"https:\/\/www.hloos.com.ar\/index.php\/wp-json\/wp\/v2\/pages\/747"}],"collection":[{"href":"https:\/\/www.hloos.com.ar\/index.php\/wp-json\/wp\/v2\/pages"}],"about":[{"href":"https:\/\/www.hloos.com.ar\/index.php\/wp-json\/wp\/v2\/types\/page"}],"author":[{"embeddable":true,"href":"https:\/\/www.hloos.com.ar\/index.php\/wp-json\/wp\/v2\/users\/1"}],"replies":[{"embeddable":true,"href":"https:\/\/www.hloos.com.ar\/index.php\/wp-json\/wp\/v2\/comments?post=747"}],"version-history":[{"count":7,"href":"https:\/\/www.hloos.com.ar\/index.php\/wp-json\/wp\/v2\/pages\/747\/revisions"}],"predecessor-version":[{"id":927,"href":"https:\/\/www.hloos.com.ar\/index.php\/wp-json\/wp\/v2\/pages\/747\/revisions\/927"}],"up":[{"embeddable":true,"href":"https:\/\/www.hloos.com.ar\/index.php\/wp-json\/wp\/v2\/pages\/437"}],"wp:attachment":[{"href":"https:\/\/www.hloos.com.ar\/index.php\/wp-json\/wp\/v2\/media?parent=747"}],"curies":[{"name":"wp","href":"https:\/\/api.w.org\/{rel}","templated":true}]}}